) = l**3 - 143*l**2 - 1507*l - 3527. Give v(153).
-8
Let h(p) = 93*p + 6792. Give h(-73).
3
Let p(s) = 11800*s + 1887982. Give p(-160).
-18
Let n(l) = -3653*l - 222846. Give n(-61).
-13
Let f(p) = 2*p**3 - 28*p**2 - 22*p + 830. Determine f(14).
522
Let w(j) = -2*j**2 - 83*j - 334. Calculate w(-37).
-1
Let o(u) = -5*u**2 + 2664*u - 149609. Give o(469).
2
Let a(f) = -f**3 + 36*f**2 + 200*f - 8. Determine a(-5).
17
Let q(i) = 95*i + 953. What is q(-11)?
-92
Let y(i) = -5812*i + 145239. Calculate y(25).
-61
Let l(o) = o**3 + 6*o**2 - 369*o - 2567. Calculate l(-7).
-33
Let x(b) = 455*b - 24646. Calculate x(55).
379
Let w(l) = 1806*l - 245954. Calculate w(136).
-338
Let l(d) = -3*d**2 - 10199*d - 40764. What is l(-4)?
-16
Let g(t) = 69*t + 34. Determine g(-1).
-35
Let v(z) = -11*z**2 - 129*z - 359. Give v(-4).
-19
Let j(o) = 9*o**2 + 1742*o + 5208. Calculate j(-3).
63
Let d(m) = -m**3 + 151*m**2 + 7043*m + 50413. Calculate d(-9).
-14
Let y(s) = -17*s**2 - 333*s + 41. What is y(-20)?
-99
Let t(n) = -127*n**3 + 2284*n**2 + 25*n + 171. What is t(18)?
-27
Let k(q) = 14371*q + 560472. Give k(-39).
3
Let t(c) = -475*c**2 - 60299*c + 3305. What is t(-127)?
3
Let g(v) = -v**2 - 2005*v + 5979. Calculate g(3).
-45
Let r(d) = d**3 + 22*d**2 + 2157*d - 5. What is r(0)?
-5
Let b(i) = -22*i + 607. Calculate b(-17).
981
Let n(g) = 1509*g - 10982. Determine n(7).
-419
Let u(d) = -2*d**2 - 540*d - 12520. Calculate u(-25).
-270
Let d(a) = -2*a**2 + 49*a + 633. Calculate d(29).
372
Let a(n) = 66*n**2 + 1943*n + 52. Determine a(-30).
1162
Let y(b) = -2*b**3 + 16*b**2 + 266*b - 788. Determine y(15).
52
Let y(m) = 3*m**3 + 9*m**2 - 147*m - 99. What is y(6)?
-9
Let l(j) = 121*j**2 - 29643*j - 429. What is l(245)?
61
Let m(x) = -5007*x - 7255110. What is m(-1449)?
33
Let u(c) = -1085*c + 12120. Calculate u(13).
-1985
Let n(c) = -2*c**3 - 30*c**2 - 22*c - 251. What is n(-13)?
-641
Let c(k) = 17*k**3 - 56*k**2 + 100. Give c(4).
292
Let z(m) = 3384*m + 10030. Calculate z(-3).
-122
Let p(n) = -2*n**3 + 407*n**2 - 137*n - 13566. Calculate p(203).
-168
Let o(a) = -a**3 + 15*a**2 - 183*a + 1675. Determine o(12).
-89
Let c(u) = 9*u**2 - 7914*u + 63106. What is c(8)?
370
Let a(x) = 70600*x - 635389. Calculate a(9).
11
Let t(b) = -b**3 + 70*b**2 - 982*b + 439. Determine t(51).
-224
Let g(t) = -5*t**2 - 437*t + 2293. What is g(5)?
-17
Let k(c) = -41*c**2 + 2260*c - 54. What is k(56)?
-2070
Let s(m) = 4*m**3 + 907*m**2 - 1208*m - 15497. Determine s(-228).
7
Let w(g) = -2*g**2 - 52*g - 140. Determine w(-10).
180
Let j(p) = 80*p + 3839. Calculate j(-48).
-1
Let c(b) = 9172*b - 2137087. Give c(233).
-11
Let v(r) = -3*r**3 + 79*r**2 - 9*r + 9. Calculate v(26).
451
Let a(k) = k**3 + 29*k**2 + 874*k + 12163. Determine a(-18).
-5
Let f(c) = c**3 + 691*c**2 + 1356*c - 14991. What is f(-689)?
167
Let u(t) = -4*t**2 + 752*t - 35152. Determine u(107).
-484
Let s(z) = -z**3 + 152*z**2 + 888*z + 537. Give s(-5).
22
Let t(l) = -l**3 - 42*l**2 - 71*l + 11. What is t(-42)?
2993
Let r(m) = -6*m**3 - 2788*m**2 - 4623*m + 3238. Calculate r(-463).
-3
Let h(l) = -4828*l - 91670. What is h(-19)?
62
Let w(k) = 3*k**2 - 893*k + 60859. Calculate w(192).
-5
Let w(q) = 186898*q - 1121607. Give w(6).
-219
Let w(u) = -342*u + 1890. What is w(7)?
-504
Let j(g) = 5957*g + 54224. Calculate j(-9).
611
Let r(j) = -447*j - 10756. What is r(-24)?
-28
Let q(b) = -342*b**2 - 141244*b + 489. What is q(-413)?
-337
Let b(d) = 2*d**3 + 5*d**2 + 4*d - 5657. Determine b(13).
-366
Let d(z) = -2*z**3 - 34*z**2 - 139*z - 86. Determine d(-4).
54
Let h(q) = 170*q + 14531. Give h(-83).
421
Let n(d) = d**2 - 260*d + 11948. Determine n(202).
232
Let m(s) = -s**3 - 262*s**2 + 5035*s + 26. Determine m(18).
-64
Let a(k) = 2*k**3 + 189*k**2 + 113*k + 19776. Calculate a(-95).
16
Let h(o) = 851*o - 1083. Calculate h(0).
-1083
Let i(s) = -213*s + 3876. Calculate i(14).
894
Let w(v) = 258*v**2 - 4908*v + 120. Determine w(19).
6
Let l(z) = -z**3 - 10*z**2 + 182*z + 1466. What is l(-16)?
90
Let z(o) = 17*o**2 + 399*o + 2041. Give z(-5).
471
Let d(o) = 26*o**2 + 776*o + 3652. Calculate d(-24).
4
Let r(c) = -c**3 - 93*c**2 - 1520*c + 66. Calculate r(-21).
234
Let y(a) = 3*a**3 - 82*a**2 + 427*a + 1671. Calculate y(17).
-29
Let y(z) = 180768*z + 903664. Give y(-5).
-176
Let f(i) = -136658*i - 6149587. Calculate f(-45).
23
Let d(u) = 4272*u - 68250. What is d(16)?
102
Let i(c) = c**3 + 19*c**2 + 196*c + 3037. What is i(-20)?
-1283
Let q(f) = -1258*f - 70935. What is q(-58)?
2029
Let h(r) = 2*r**2 + 1350*r - 104306. What is h(70)?
-6
Let v(y) = 2*y**2 + 463*y - 26634. Calculate v(-279).
-129
Let d(p) = 17*p**2 - 440*p + 1122. What is d(23)?
-5
Let w(b) = 8*b**2 - 94985*b - 190000. What is w(-2)?
2
Let o(i) = i**2 - 238*i + 7825. Determine o(43).
-560
Let m(i) = -31*i**2 + 3161*i - 33. Calculate m(102).
-135
Let t(u) = -u**3 + 55*u**2 - 135*u + 10525. Calculate t(56).
-171
Let r(u) = 2*u**3 - 22*u**2 + 103*u + 59. Determine r(10).
889
Let x(g) = 4*g**3 + 444*g**2 + 427*g + 47381. Calculate x(-111).
-16
Let o(y) = y**3 + 666*y**2 + 634*y - 20595. What is o(-665)?
20
Let y(u) = -30*u**2 + 190*u - 566. Determine y(4).
-286
Let o(n) = 28*n**3 - 123*n**2 - n + 25. Calculate o(5).
445
Let t(x) = x**3 - 343*x**2 + 628*x + 18382. Calculate t(341).
-32
Let c(o) = 1494*o - 1002452. Give c(671).
22
Let i(z) = 611*z + 23770. Calculate i(-38).
552
Let m(p) = -32387*p + 194441. Give m(6).
119
Let w(c) = c**2 - 491*c + 11179. Calculate w(467).
-29
Let y(s) = -2*s**3 + 18*s**2 + 35*s + 57. Calculate y(-8).
1953
Let g(u) = 724*u - 1112. What is g(2)?
336
Let d(i) = -10*i**2 - 1240*i + 5088. What is d(4)?
-32
Let j(w) = -28802*w + 86657. Calculate j(3).
251
Let v(y) = -y**3 + 30*y**2 + 8422*y + 111. Determine v(108).
-105
Let h(l) = 13494*l - 1983623. Determine h(147).
-5
Let t(v) = -8*v**3 - 27*v**2 - 123*v - 73. Calculate t(-4).
499
Let c(h) = -999*h**2 - 3676*h - 9. Calculate c(-4).
-1289
Let m(r) = -731*r + 5146. Give m(7).
29
Let o(b) = -5618*b + 567429. Give o(101).
11
Let n(d) = 57*d - 6085. Give n(88).
-1069
Let m(o) = 8*o**2 + 1456*o + 16547. What is m(-11)?
1499
Let i(p) = 28*p**2 - 3049*p - 6548. Determine i(111).
1
Let z(y) = -y**2 + 11623*y - 774247. What is z(67)?
5
Let n(y) = y**2 + 4908*y + 9802. What is n(-2)?
-10
Let i(l) = -34*l - 1484. What is i(-26)?
-600
Let b(z) = z**2 + 1010*z - 24994. What is b(24)?
-178
Let t(y) = -5*y**3 - 34*y**2 + 209*y + 23. What is t(6)?
-1027
Let u(a) = 661*a**2 - 63431*a - 2407. Determine u(96).
-7
Let q(m) = 7*m**3 - 30*m**2 - 530*m + 1572. Give q(3).
-99
Let v(h) = 14*h**2 - 1168*h + 16767. Give v(65).
-3
Let p(f) = -2*f**3 - 297*f**2 + 3348*f + 519. What is p(-159)?
-912
Let x(p) = -105*p**3 + 12071*p**2 + 454*p + 735. Determine x(115).
45
Let g(n) = -586*n + 3612. Calculate g(6).
96
Let l(h) = h**2 - 741*h - 37891. What is l(-48)?
-19
Let n(y) = -y**3 + 107*y**2 + 535*y + 1677. Calculate n(112).
-1123
Let v(u) = -212*u**2 + 1003*u + 291. Calculate v(5).
6
Let x(s) = 682595*s - 3412976. What is x(5)?
-1
Let s(z) = -z**3 + 7*z**2 - 250*z + 473. Determine s(2).
-7
Let q(g) = 4396*g + 10828. What is q(-3)?
-2360
Let h(a) = 34*a**2 - 7269*a - 1512. Determine h(214).
-14
Let f(s) = s**2 + 920*s - 143604. What is f(136)?
12
Let w(q) = 2*q**2 + 2*q - 50794. What is w(159)?
86
Let w(b) = b**2 + 36122*b + 1154866. Give w(-32).
-14
Let t(c) = 2*c**3 - 10*c**2 - 772*c + 4567. Calculate t(6).
7
Let z(i) = -i**2 + 3238*i - 16136. Give z(5).
29
Let y(o) = 12*o**3 - 131*o**2 - 91*o + 1006. Give y(10).
-1004
Let x(q) = -4*q**3 - 3689*q**2 + 6473*q + 4539. Determine x(-924).
-81
Let r(p) = 2*p**3 + 1289*p**2 - 1892*p + 29705. Calculate r(-646).
-11
Let b(i) = 191*i**2 + 5538*i + 2. What is b(-29)?
31
Let v(q) = q**3 - 289*q**2 + 1517*q - 27623. Determine v(284).
-75
Let r(y) = -y**2 - 275765*y - 3309038. Determine r(-12).
-2
Let q(a) = 35*a - 819. Determine q(38).
511
Let v(b) = -2*b**2 + 593850*b - 1781531. What is v(3)?
1
Let j(c) = c**3 - c**2 - 158*c + 185. Give j(-12).
209
Let d(s) = -22887*s - 114600. Calculate d(-5).
-165
Let g(r) = -2*r**3 - 20927*r**2 - 167298*r - 131. Give g(-8).
-51
Let n(j) = 15094*j - 3758412. Determine n(249).
-6
Let a(d) = -d**3 + 16*d**2 - 124*d + 1462. Give a(15).
-173
Let k(n) = -1230*n - 50164